{"id":4287,"date":"2023-09-07T14:26:24","date_gmt":"2023-09-07T14:26:24","guid":{"rendered":"https:\/\/www.upra.org\/es\/?page_id=4287"},"modified":"2024-03-18T16:38:29","modified_gmt":"2024-03-18T16:38:29","slug":"fondos-bibliotecarios","status":"publish","type":"page","link":"https:\/\/www.upra.org\/es\/investigacion\/biblioteca-pio-xii\/fondos-bibliotecarios\/","title":{"rendered":"Fondos bibliotecarios"},"content":{"rendered":"<section class=\"block  paragraph-box full-width\" \n            >\n\n      <div class=\"paragraph-box__content text-center pt-40 md:pt-50 pb-40 md:pb-50\" id=\"\" style=\"\">\n\n          <div class=\"container\" style=\"\">\n          <h2 class=\"intro-title font-500 text-primary mb-20 s30 font-medium leading-snug text-left\">Fondo Ernesto de La Torre Villar<\/h2>\n  \n  \n  \n      <div class=\"!mb-30 intro-text text-left\">\n      <p><p>Ernesto de la Torre Villar, historiador de M\u00e9xico, historiador del libro y director de la Biblioteca Nacional de M\u00e9xico durante trece a\u00f1os, naci\u00f3 en M\u00e9xico en 1917. A partir de la segunda mitad del siglo pasado, fue uno de los intelectuales cat\u00f3licos m\u00e1s representativos de ese pa\u00eds. Tambi\u00e9n fue fundador de la C\u00e1tedra de Historia de la Civilizaci\u00f3n Mexicana en el Instituto Cat\u00f3lico de Par\u00eds y miembro de la Comisi\u00f3n Editorial de la Revista de la Facultad de Teolog\u00eda de la Universidad de Navarra. Entre sus publicaciones destacan La Iglesia en M\u00e9xico de la Independencia a la Reforma, Los Guadalupes, Testimonios Guadalupanos y \u00c1lbum conmemorativo del 450 aniversario de la aparici\u00f3n de Nuestra Se\u00f1ora de Guadalupe. Muri\u00f3 en enero de 2009.<\/p>\n<p>Su biblioteca privada es importante por varios aspectos: en primer lugar, es una fuente insustituible para los historiadores contempor\u00e1neos y futuros que deseen reconstruir la trayectoria intelectual de una gran figura del siglo XX. Todos conocemos la dificultad de reconstruir la biograf\u00eda intelectual de un cient\u00edfico o un erudito, causada en parte por la dispersi\u00f3n de las bibliotecas privadas de los autores estudiados.<br \/>\nUna colecci\u00f3n de este tama\u00f1o, y con la variedad que veremos, tambi\u00e9n puede proporcionar a los especialistas contempor\u00e1neos y futuros informaci\u00f3n indispensable sobre el estado de la edici\u00f3n mexicana, en particular, y americana, en general, a lo largo del siglo XX.<\/p>\n<p>Pero el Fondo De La Torre Villar es importante sobre todo para quien quiera ocuparse de la historia del M\u00e9xico republicano y de la historia de la conquista y evangelizaci\u00f3n de Am\u00e9rica. La cantidad y calidad de las colecciones de vol\u00famenes no tiene parang\u00f3n en Italia y quiz\u00e1 en toda Europa. Tal vez merezca la pena hacer una lista, necesariamente esquem\u00e1tica, de los vol\u00famenes de la colecci\u00f3n. Abarcan desde los Archivos de los Presidentes de la Rep\u00fablica Benito Ju\u00e1rez y Porfirio D\u00edaz hasta los cl\u00e1sicos del pensamiento pol\u00edtico del siglo XIX mexicano, como las obras de Lucas Alam\u00e1n, Fray Servando Teresa de Mier, y las ediciones facs\u00edmiles del Ensayo pol\u00edtico sobre el Reyno de Nueva Espa\u00f1a de Alexander von Humboldt y del Essai sur la geographie de plantes de Humboldt y Bompland (facs\u00edmil de la edici\u00f3n parisina de 1805); obras \u00fanicas e inencontrables como Periodismo insurgente, antolog\u00eda en varios vol\u00famenes, tambi\u00e9n en facs\u00edmil, de las publicaciones peri\u00f3dicas que acompa\u00f1aron el proceso independentista mexicano.<\/p>\n<p>Una parte considerable de la colecci\u00f3n est\u00e1 formada por cr\u00f3nicas de la conquista, colonizaci\u00f3n y evangelizaci\u00f3n de M\u00e9xico y Am\u00e9rica, como las de Bernal D\u00edaz del Castillo, Diego de Landa, Francisco Cervantes de Salazar, La Historia de Tlaxcala de Mu\u00f1oz Camargo y la Relaci\u00f3n de los ritos antiguos, idolatr\u00edas y sacrificios de los indios de la Nueva Espa\u00f1a de Fray Toribio de Paredes Motolinia (con reproducciones de los manuscritos originales).<\/p>\n<p>Otra parte significativa de la colecci\u00f3n la componen estudios sobre las culturas precolombinas maya y azteca de los autores m\u00e1s importantes del siglo XX, como Miguel de Le\u00f3n Portillo, \u00c1ngel Mar\u00eda Garibay, Jos\u00e9 Alcina Franch, junto con ediciones que reproducen en facs\u00edmil los c\u00f3dices precortesianos m\u00e1s importantes, como el C\u00f3dice Borgia; el C\u00f3dice Osuna; El Tonalamatl de la colecci\u00f3n de Aubin (antiguo manuscrito mexicano conservado en la Biblioteca Nacional de Par\u00eds); el C\u00f3dice Colombino; etc. La colecci\u00f3n contiene otras obras importantes y valiosas, tambi\u00e9n desde el punto de vista econ\u00f3mico, como las ediciones del siglo XVIII de Istoria della Conquista del Messico, della popolazione, e de&#8217; progressi nell&#8217;America settentrionale conosciuta sotto nome di Nuova Spagna, de Antonio de Sol\u00eds, publicada en Venecia en 1704, y las Obras del ilustr\u00edsimo, excelent\u00edsimo, y venerable siervo de Dios don Juan de Palafox y Mendoza, publicadas en Madrid en 1762.<\/p>\n<p>Otra parte no menos apreciable, tanto en t\u00e9rminos cuantitativos como cualitativos, es la relativa a las fuentes y estudios sobre la historia de la educaci\u00f3n en M\u00e9xico, en todos sus \u00f3rdenes y grados, as\u00ed como sobre la historia regional del sistema educativo del pa\u00eds.<\/p>\n<p>Por \u00faltimo, pero no por ello menos importante, est\u00e1 la secci\u00f3n sobre fuentes y gu\u00edas de fuentes. Un fondo dentro del fondo, extremadamente rico y de extraordinaria importancia, para la investigaci\u00f3n de las fuentes que permiten el estudio de Am\u00e9rica Latina. Desde la Gu\u00eda del Archivo Hist\u00f3rico Nacional hasta el Repertorio bibliogr\u00e1fico de los archivos mexicanos y de las colecciones diplom\u00e1ticas fundamentales para la historia de M\u00e9xico, pasando por la gu\u00eda de los Archivos franciscanos de M\u00e9xico o los Archivos Nahuas, por citar solo algunos ejemplos. Pertenecen a esta misma secci\u00f3n varias publicaciones bibliogr\u00e1ficas peri\u00f3dicas y anuarios de las bibliotecas p\u00fablicas m\u00e1s importantes de M\u00e9xico, como Bibliograf\u00eda Mexicana o la Revista de los archivos nacionales, junto con los cat\u00e1logos de bibliotecas privadas y p\u00fablicas y de exposiciones, como Los manuscritos de Am\u00e9rica en las bibliotecas de Espa\u00f1a, la Gu\u00eda de las obras en lenguas ind\u00edgenas existentes en la Biblioteca Nacional, el Cat\u00e1logo de incunables de la Biblioteca Nacional y el cat\u00e1logo de la Colecci\u00f3n Lafragua o el Cat\u00e1logo de seud\u00f3nimos, anagramas, iniciales y otros alias usados por escritores mexicanos y extranjeros que han publicado en M\u00e9xico y otros repertorios bibliogr\u00e1ficos relativos a los dem\u00e1s pa\u00edses de Am\u00e9rica.<\/p>\n<p>La posesi\u00f3n del Fondo Ernesto de la Torre Villar representa, por tanto, un honor y un privilegio para la Biblioteca del Ateneo Pontificio Regina Apostolorum, porque es un homenaje a un gran intelectual y a un gran pa\u00eds, al que el Ateneo est\u00e1 particularmente unido, entre otras cosas por su historia, al haber sido la cuna de los Legionarios de Cristo en 1941. La existencia de esta colecci\u00f3n convierte a la Biblioteca de la UPRA en un punto de referencia para acad\u00e9micos e investigadores interesados en Am\u00e9rica Latina. Constituye la primera herramienta de consulta de la colecci\u00f3n americanista de la Biblioteca, no solo para profesores e investigadores, sino tambi\u00e9n para todos los estudiantes universitarios en busca de material para sus investigaciones, y es el primer paso en el proyecto de creaci\u00f3n de una Facultad de Historia de la Iglesia en Am\u00e9rica Latina en nuestro Ateneo.<\/p>\n<\/p>\n    <\/div>\n  \n  \n\n<\/div>\n    \n    \n    \n    \n  <\/div>\n\n  <\/section>\n\n\n<section class=\"block  paragraph-box full-width\" \n            >\n\n      <div class=\"paragraph-box__content text-center pt-40 md:pt-50 pb-40 md:pb-50\" id=\"\" style=\"background-color: #f2f3f5\">\n\n          <div class=\"container\" style=\"\">\n          <h2 class=\"intro-title font-500 text-primary mb-20 s30 font-medium leading-snug text-left\">Fondo Aldo Carotenuto<\/h2>\n  \n  \n  \n      <div class=\"!mb-30 intro-text text-left\">\n      <p><p>La Biblioteca del Ateneo Pontificio Regina Apostolorum, en convenio con el Ministerio de Cultura, alberga la biblioteca personal de Aldo Carotenuto, profesor de Psicolog\u00eda de la Personalidad en la Universidad \u00abLa Sapienza\u00bb de Roma y exponente destacado de la escuela junguiana, recientemente fallecido.<\/p>\n<p>La colecci\u00f3n, compuesta por unos veinte mil vol\u00famenes, algunos de gran valor, ha sido catalogada y puesta a disposici\u00f3n de los acad\u00e9micos, tanto para su consulta interna como para el pr\u00e9stamo interbibliotecario.<\/p>\n<\/p>\n    <\/div>\n  \n  \n\n<\/div>\n    \n    \n    \n    \n  <\/div>\n\n  <\/section>\n","protected":false},"excerpt":{"rendered":"","protected":false},"author":3,"featured_media":0,"parent":773,"menu_order":0,"comment_status":"closed","ping_status":"closed","template":"","meta":{"_acf_changed":false,"footnotes":""},"class_list":["post-4287","page","type-page","status-publish","hentry"],"acf":[],"_links":{"self":[{"href":"https:\/\/www.upra.org\/es\/wp-json\/wp\/v2\/pages\/4287","targetHints":{"allow":["GET"]}}],"collection":[{"href":"https:\/\/www.upra.org\/es\/wp-json\/wp\/v2\/pages"}],"about":[{"href":"https:\/\/www.upra.org\/es\/wp-json\/wp\/v2\/types\/page"}],"author":[{"embeddable":true,"href":"https:\/\/www.upra.org\/es\/wp-json\/wp\/v2\/users\/3"}],"replies":[{"embeddable":true,"href":"https:\/\/www.upra.org\/es\/wp-json\/wp\/v2\/comments?post=4287"}],"version-history":[{"count":7,"href":"https:\/\/www.upra.org\/es\/wp-json\/wp\/v2\/pages\/4287\/revisions"}],"predecessor-version":[{"id":8587,"href":"https:\/\/www.upra.org\/es\/wp-json\/wp\/v2\/pages\/4287\/revisions\/8587"}],"up":[{"embeddable":true,"href":"https:\/\/www.upra.org\/es\/wp-json\/wp\/v2\/pages\/773"}],"wp:attachment":[{"href":"https:\/\/www.upra.org\/es\/wp-json\/wp\/v2\/media?parent=4287"}],"curies":[{"name":"wp","href":"https:\/\/api.w.org\/{rel}","templated":true}]}}

<section class="block  paragraph-box full-width" 
            >

      <div class="paragraph-box__content text-center pt-40 md:pt-50 pb-40 md:pb-50" id="" style="">

          <div class="container" style="">
          <h2 class="intro-title font-500 text-primary mb-20 s30 font-medium leading-snug text-left">Fondo Ernesto de La Torre Villar</h2>
  
  
  
      <div class="!mb-30 intro-text text-left">
      <p><p>Ernesto de la Torre Villar, historiador de México, historiador del libro y director de la Biblioteca Nacional de México durante trece años, nació en México en 1917. A partir de la segunda mitad del siglo pasado, fue uno de los intelectuales católicos más representativos de ese país. También fue fundador de la Cátedra de Historia de la Civilización Mexicana en el Instituto Católico de París y miembro de la Comisión Editorial de la Revista de la Facultad de Teología de la Universidad de Navarra. Entre sus publicaciones destacan La Iglesia en México de la Independencia a la Reforma, Los Guadalupes, Testimonios Guadalupanos y Álbum conmemorativo del 450 aniversario de la aparición de Nuestra Señora de Guadalupe. Murió en enero de 2009.</p>
<p>Su biblioteca privada es importante por varios aspectos: en primer lugar, es una fuente insustituible para los historiadores contemporáneos y futuros que deseen reconstruir la trayectoria intelectual de una gran figura del siglo XX. Todos conocemos la dificultad de reconstruir la biografía intelectual de un científico o un erudito, causada en parte por la dispersión de las bibliotecas privadas de los autores estudiados.<br />
Una colección de este tamaño, y con la variedad que veremos, también puede proporcionar a los especialistas contemporáneos y futuros información indispensable sobre el estado de la edición mexicana, en particular, y americana, en general, a lo largo del siglo XX.</p>
<p>Pero el Fondo De La Torre Villar es importante sobre todo para quien quiera ocuparse de la historia del México republicano y de la historia de la conquista y evangelización de América. La cantidad y calidad de las colecciones de volúmenes no tiene parangón en Italia y quizá en toda Europa. Tal vez merezca la pena hacer una lista, necesariamente esquemática, de los volúmenes de la colección. Abarcan desde los Archivos de los Presidentes de la República Benito Juárez y Porfirio Díaz hasta los clásicos del pensamiento político del siglo XIX mexicano, como las obras de Lucas Alamán, Fray Servando Teresa de Mier, y las ediciones facsímiles del Ensayo político sobre el Reyno de Nueva España de Alexander von Humboldt y del Essai sur la geographie de plantes de Humboldt y Bompland (facsímil de la edición parisina de 1805); obras únicas e inencontrables como Periodismo insurgente, antología en varios volúmenes, también en facsímil, de las publicaciones periódicas que acompañaron el proceso independentista mexicano.</p>
<p>Una parte considerable de la colección está formada por crónicas de la conquista, colonización y evangelización de México y América, como las de Bernal Díaz del Castillo, Diego de Landa, Francisco Cervantes de Salazar, La Historia de Tlaxcala de Muñoz Camargo y la Relación de los ritos antiguos, idolatrías y sacrificios de los indios de la Nueva España de Fray Toribio de Paredes Motolinia (con reproducciones de los manuscritos originales).</p>
<p>Otra parte significativa de la colección la componen estudios sobre las culturas precolombinas maya y azteca de los autores más importantes del siglo XX, como Miguel de León Portillo, Ángel María Garibay, José Alcina Franch, junto con ediciones que reproducen en facsímil los códices precortesianos más importantes, como el Códice Borgia; el Códice Osuna; El Tonalamatl de la colección de Aubin (antiguo manuscrito mexicano conservado en la Biblioteca Nacional de París); el Códice Colombino; etc. La colección contiene otras obras importantes y valiosas, también desde el punto de vista económico, como las ediciones del siglo XVIII de Istoria della Conquista del Messico, della popolazione, e de&#8217; progressi nell&#8217;America settentrionale conosciuta sotto nome di Nuova Spagna, de Antonio de Solís, publicada en Venecia en 1704, y las Obras del ilustrísimo, excelentísimo, y venerable siervo de Dios don Juan de Palafox y Mendoza, publicadas en Madrid en 1762.</p>
<p>Otra parte no menos apreciable, tanto en términos cuantitativos como cualitativos, es la relativa a las fuentes y estudios sobre la historia de la educación en México, en todos sus órdenes y grados, así como sobre la historia regional del sistema educativo del país.</p>
<p>Por último, pero no por ello menos importante, está la sección sobre fuentes y guías de fuentes. Un fondo dentro del fondo, extremadamente rico y de extraordinaria importancia, para la investigación de las fuentes que permiten el estudio de América Latina. Desde la Guía del Archivo Histórico Nacional hasta el Repertorio bibliográfico de los archivos mexicanos y de las colecciones diplomáticas fundamentales para la historia de México, pasando por la guía de los Archivos franciscanos de México o los Archivos Nahuas, por citar solo algunos ejemplos. Pertenecen a esta misma sección varias publicaciones bibliográficas periódicas y anuarios de las bibliotecas públicas más importantes de México, como Bibliografía Mexicana o la Revista de los archivos nacionales, junto con los catálogos de bibliotecas privadas y públicas y de exposiciones, como Los manuscritos de América en las bibliotecas de España, la Guía de las obras en lenguas indígenas existentes en la Biblioteca Nacional, el Catálogo de incunables de la Biblioteca Nacional y el catálogo de la Colección Lafragua o el Catálogo de seudónimos, anagramas, iniciales y otros alias usados por escritores mexicanos y extranjeros que han publicado en México y otros repertorios bibliográficos relativos a los demás países de América.</p>
<p>La posesión del Fondo Ernesto de la Torre Villar representa, por tanto, un honor y un privilegio para la Biblioteca del Ateneo Pontificio Regina Apostolorum, porque es un homenaje a un gran intelectual y a un gran país, al que el Ateneo está particularmente unido, entre otras cosas por su historia, al haber sido la cuna de los Legionarios de Cristo en 1941. La existencia de esta colección convierte a la Biblioteca de la UPRA en un punto de referencia para académicos e investigadores interesados en América Latina. Constituye la primera herramienta de consulta de la colección americanista de la Biblioteca, no solo para profesores e investigadores, sino también para todos los estudiantes universitarios en busca de material para sus investigaciones, y es el primer paso en el proyecto de creación de una Facultad de Historia de la Iglesia en América Latina en nuestro Ateneo.</p>
</p>
    </div>
  
  

</div>
    
    
    
    
  </div>

  </section>


<section class="block  paragraph-box full-width" 
            >

      <div class="paragraph-box__content text-center pt-40 md:pt-50 pb-40 md:pb-50" id="" style="background-color: #f2f3f5">

          <div class="container" style="">
          <h2 class="intro-title font-500 text-primary mb-20 s30 font-medium leading-snug text-left">Fondo Aldo Carotenuto</h2>
  
  
  
      <div class="!mb-30 intro-text text-left">
      <p><p>La Biblioteca del Ateneo Pontificio Regina Apostolorum, en convenio con el Ministerio de Cultura, alberga la biblioteca personal de Aldo Carotenuto, profesor de Psicología de la Personalidad en la Universidad «La Sapienza» de Roma y exponente destacado de la escuela junguiana, recientemente fallecido.</p>
<p>La colección, compuesta por unos veinte mil volúmenes, algunos de gran valor, ha sido catalogada y puesta a disposición de los académicos, tanto para su consulta interna como para el préstamo interbibliotecario.</p>
</p>
    </div>
  
  

</div>
    
    
    
    
  </div>

  </section>
